{"id":28,"date":"2022-07-13T08:14:00","date_gmt":"2022-07-13T11:14:00","guid":{"rendered":"https:\/\/blog.panrotas.com.br\/check-in-afro\/?page_id=28"},"modified":"2022-07-13T12:50:17","modified_gmt":"2022-07-13T15:50:17","slug":"check-in-afro-novo-blog","status":"publish","type":"page","link":"https:\/\/blog.panrotas.com.br\/check-in-afro\/check-in-afro-novo-blog\/","title":{"rendered":"CHECK-IN AFRO NOVO BLOG"},"content":{"rendered":"\n<p>Chegamos!!<br>Ol\u00e1, aqui \u00e9 T\u00e2nia Neres, escolhi o Turismo como profiss\u00e3o e nunca me arrependi, abandonei um emprego aos 19 anos para ser estagi\u00e1ria numa ag\u00eancia de viagem , j\u00e1 perdi muitas noites de sono neste mercado, passei por tudo, do Telex ao Omnibees, do<br>Bilhete F\u00edsico ao QRcode, e tantas coisas deliciosas que eu vi melhorar com a tecnologia e pude experimentar muitas \u00e1reas, na verdade nunca soube escolher minha \u00e1rea, sempre quis tudo, passei pela avia\u00e7\u00e3o, consolida\u00e7\u00e3o, ag\u00eancia de viagens, operadoras de turismo,<br>acompanhei crian\u00e7as no Hopi Hari, viajei com grupos de Formatura, me tornei Professora Acad\u00eamica na \u00e1rea de Turismo, quanta coisa eu j\u00e1 fiz nestes 32 anos, e quanta coisa ainda tenho por  fazer . Hoje al\u00e9m de pertencer ao Coletivo ao Afroturismo com muitas feras , sou Gerente Comercial da Bahiatravel Operadora e Consolida\u00e7\u00e3o do Grupo Salvatur em Salvador . Como n\u00e3o me canso de novidades , agora sou blogueira do Panrotas e sobre o que vamos falar aqui? Sobre tudo, porque eu n\u00e3o tenho limita\u00e7\u00f5es, e muita coisa mudou pra melhor, aliado a todos estes avan\u00e7os avan\u00e7amos tamb\u00e9m intelectualmente e precisamos falar de assuntos que afetam o mercado negativamente, assuntos que muita gente prefere n\u00e3o falar mas que v\u00ea e ouve o que est\u00e1 acontecendo, vou tentar ser algumas vezes leve e outras vezes vou ter que pegar pesado, mas confiem em mim, faremos viagens maravilhosas pelo mundo da Diversidade e o Turismo Antirracista . E n\u00e3o estarei sozinha , seremos duas, uma dupla, duas gera\u00e7\u00f5es sobre o Prisma de um mercado em desconstru\u00e7\u00e3o de preconceitos e quebra de paradigmas . Apresento a voc\u00eas a Bia Moremi .<\/p>\n\n\n\n<p>Ol\u00e1 leitores, eu sou a Bia Moremi, CEO e Diretora Criativa da Brafrika Viagens e f\u00e3 da T\u00e2nia Neres! O tempo que ela tem de experi\u00eancia no Turismo \u00e9 praticamente o tempo que eu tenho de vida e como ela muito bem disse, somos duas gera\u00e7\u00f5es unidas pelo mesmo prop\u00f3sito, ter um turismo mais diverso, inclusivo e antirracista! Para mim \u00e9 uma honra dividir essa plataforma com algu\u00e9m t\u00e3o acolhedora e experiente, de uma generosidade imensa e que n\u00e3o mede esfor\u00e7os para compartilhar o seu saber.<br>O que esperar de mim neste blog? Vamos conversar sobre tend\u00eancias de mercado, abordagens inovadoras, empreendedorismo na vida real e divers\u00e3o! Sim, voc\u00ea n\u00e3o leu errado, eu adoro me divertir enquanto viajo e vou compartilhar com voc\u00eas o que tem de<br>mais novo no turismo de lazer para pessoas que querem realmente sair fora do \u00f3bvio. Como em todo cen\u00e1rio que d\u00e1 luz a quest\u00f5es raciais, sociais e ambientais, nem tudo s\u00e3o flores, ent\u00e3o tamb\u00e9m me acompanhe quando subirmos um texto mais cr\u00edtico ao ambiente<br>em que nos desenvolvemos, faz parte da evolu\u00e7\u00e3o olhar para as nossas fraquezas enquanto sociedade e entender como podemos melhorar a partir da\u00ed. <\/p>\n\n\n\n<p>Ahhhh ! Fazemos parte do 100+ Poderosos do Turismo 2021 .<\/p>\n\n\n\n<p>Estamos ansiosas para dividir isso tudo com voc\u00eas e esperamos que voc\u00eas tamb\u00e9m estejam.<br><br>At\u00e9 breve,<br>T\u00e2nia Neres e Bia Moremi.<\/p>\n","protected":false},"excerpt":{"rendered":"<p>Chegamos!!Ol\u00e1, aqui \u00e9 T\u00e2nia Neres, escolhi o Turismo como profiss\u00e3o e nunca me arrependi, abandonei um emprego aos 19 anos para ser estagi\u00e1ria numa ag\u00eancia de viagem , j\u00e1 perdi muitas noites de sono neste mercado, passei por tudo, do Telex ao Omnibees, doBilhete F\u00edsico ao QRcode, e tantas coisas deliciosas que eu vi melhorar&hellip; <a class=\"more-link\" href=\"https:\/\/blog.panrotas.com.br\/check-in-afro\/check-in-afro-novo-blog\/\">Continue reading &rarr;<\/a><\/p>\n","protected":false},"author":51,"featured_media":5,"parent":0,"menu_order":0,"comment_status":"closed","ping_status":"closed","template":"","meta":{"spay_email":""},"yoast_head":"<!-- This site is optimized with the Yoast SEO plugin v17.3 - https:\/\/yoast.com\/wordpress\/plugins\/seo\/ -->\n<title>Check-in Afro - Check-in Afro<\/title>\n<meta name=\"robots\" content=\"index, follow, max-snippet:-1, max-image-preview:large, max-video-preview:-1\" \/>\n<link rel=\"canonical\" href=\"https:\/\/blog.panrotas.com.br\/check-in-afro\/check-in-afro-novo-blog\/\" \/>\n<meta property=\"og:locale\" content=\"pt_BR\" \/>\n<meta property=\"og:type\" content=\"article\" \/>\n<meta property=\"og:title\" content=\"Check-in Afro - Check-in Afro\" \/>\n<meta property=\"og:description\" content=\"Chegamos!!Ol\u00e1, aqui \u00e9 T\u00e2nia Neres, escolhi o Turismo como profiss\u00e3o e nunca me arrependi, abandonei um emprego aos 19 anos para ser estagi\u00e1ria numa ag\u00eancia de viagem , j\u00e1 perdi muitas noites de sono neste mercado, passei por tudo, do Telex ao Omnibees, doBilhete F\u00edsico ao QRcode, e tantas coisas deliciosas que eu vi melhorar&hellip; Continue reading &rarr;\" \/>\n<meta property=\"og:url\" content=\"https:\/\/blog.panrotas.com.br\/check-in-afro\/check-in-afro-novo-blog\/\" \/>\n<meta property=\"og:site_name\" content=\"Check-in Afro\" \/>\n<meta property=\"article:modified_time\" content=\"2022-07-13T15:50:17+00:00\" \/>\n<meta property=\"og:image\" content=\"http:\/\/blog.panrotas.com.br\/check-in-afro\/wp-content\/uploads\/sites\/44\/2022\/07\/check-in-afro-scaled.jpg\" \/>\n\t<meta property=\"og:image:width\" content=\"2560\" \/>\n\t<meta property=\"og:image:height\" content=\"394\" \/>\n<meta name=\"twitter:card\" content=\"summary_large_image\" \/>\n<meta name=\"twitter:label1\" content=\"Est. tempo de leitura\" \/>\n\t<meta name=\"twitter:data1\" content=\"3 minutos\" \/>\n<script type=\"application\/ld+json\" class=\"yoast-schema-graph\">{\"@context\":\"https:\/\/schema.org\",\"@graph\":[{\"@type\":\"WebSite\",\"@id\":\"https:\/\/blog.panrotas.com.br\/check-in-afro\/#website\",\"url\":\"https:\/\/blog.panrotas.com.br\/check-in-afro\/\",\"name\":\"Check-in Afro\",\"description\":\"\",\"potentialAction\":[{\"@type\":\"SearchAction\",\"target\":{\"@type\":\"EntryPoint\",\"urlTemplate\":\"https:\/\/blog.panrotas.com.br\/check-in-afro\/?s={search_term_string}\"},\"query-input\":\"required name=search_term_string\"}],\"inLanguage\":\"pt-BR\"},{\"@type\":\"ImageObject\",\"@id\":\"https:\/\/blog.panrotas.com.br\/check-in-afro\/check-in-afro-novo-blog\/#primaryimage\",\"inLanguage\":\"pt-BR\",\"url\":\"https:\/\/blog.panrotas.com.br\/check-in-afro\/wp-content\/uploads\/sites\/44\/2022\/07\/check-in-afro-scaled.jpg\",\"contentUrl\":\"https:\/\/blog.panrotas.com.br\/check-in-afro\/wp-content\/uploads\/sites\/44\/2022\/07\/check-in-afro-scaled.jpg\",\"width\":2560,\"height\":394,\"caption\":\"Duas Mulheres pretas inovando e diversificando o Turismo com pr\\u00e1ticas antirracistas .\"},{\"@type\":\"WebPage\",\"@id\":\"https:\/\/blog.panrotas.com.br\/check-in-afro\/check-in-afro-novo-blog\/#webpage\",\"url\":\"https:\/\/blog.panrotas.com.br\/check-in-afro\/check-in-afro-novo-blog\/\",\"name\":\"Check-in Afro - Check-in Afro\",\"isPartOf\":{\"@id\":\"https:\/\/blog.panrotas.com.br\/check-in-afro\/#website\"},\"primaryImageOfPage\":{\"@id\":\"https:\/\/blog.panrotas.com.br\/check-in-afro\/check-in-afro-novo-blog\/#primaryimage\"},\"datePublished\":\"2022-07-13T11:14:00+00:00\",\"dateModified\":\"2022-07-13T15:50:17+00:00\",\"breadcrumb\":{\"@id\":\"https:\/\/blog.panrotas.com.br\/check-in-afro\/check-in-afro-novo-blog\/#breadcrumb\"},\"inLanguage\":\"pt-BR\",\"potentialAction\":[{\"@type\":\"ReadAction\",\"target\":[\"https:\/\/blog.panrotas.com.br\/check-in-afro\/check-in-afro-novo-blog\/\"]}]},{\"@type\":\"BreadcrumbList\",\"@id\":\"https:\/\/blog.panrotas.com.br\/check-in-afro\/check-in-afro-novo-blog\/#breadcrumb\",\"itemListElement\":[{\"@type\":\"ListItem\",\"position\":1,\"name\":\"In\\u00edcio\",\"item\":\"https:\/\/blog.panrotas.com.br\/check-in-afro\/\"},{\"@type\":\"ListItem\",\"position\":2,\"name\":\"CHECK-IN AFRO NOVO BLOG\"}]}]}<\/script>\n<!-- \/ Yoast SEO plugin. -->","yoast_head_json":{"title":"Check-in Afro - Check-in Afro","robots":{"index":"index","follow":"follow","max-snippet":"max-snippet:-1","max-image-preview":"max-image-preview:large","max-video-preview":"max-video-preview:-1"},"canonical":"https:\/\/blog.panrotas.com.br\/check-in-afro\/check-in-afro-novo-blog\/","og_locale":"pt_BR","og_type":"article","og_title":"Check-in Afro - Check-in Afro","og_description":"Chegamos!!Ol\u00e1, aqui \u00e9 T\u00e2nia Neres, escolhi o Turismo como profiss\u00e3o e nunca me arrependi, abandonei um emprego aos 19 anos para ser estagi\u00e1ria numa ag\u00eancia de viagem , j\u00e1 perdi muitas noites de sono neste mercado, passei por tudo, do Telex ao Omnibees, doBilhete F\u00edsico ao QRcode, e tantas coisas deliciosas que eu vi melhorar&hellip; Continue reading &rarr;","og_url":"https:\/\/blog.panrotas.com.br\/check-in-afro\/check-in-afro-novo-blog\/","og_site_name":"Check-in Afro","article_modified_time":"2022-07-13T15:50:17+00:00","og_image":[{"width":2560,"height":394,"url":"http:\/\/blog.panrotas.com.br\/check-in-afro\/wp-content\/uploads\/sites\/44\/2022\/07\/check-in-afro-scaled.jpg","type":"image\/jpeg"}],"twitter_card":"summary_large_image","twitter_misc":{"Est. tempo de leitura":"3 minutos"},"schema":{"@context":"https:\/\/schema.org","@graph":[{"@type":"WebSite","@id":"https:\/\/blog.panrotas.com.br\/check-in-afro\/#website","url":"https:\/\/blog.panrotas.com.br\/check-in-afro\/","name":"Check-in Afro","description":"","potentialAction":[{"@type":"SearchAction","target":{"@type":"EntryPoint","urlTemplate":"https:\/\/blog.panrotas.com.br\/check-in-afro\/?s={search_term_string}"},"query-input":"required name=search_term_string"}],"inLanguage":"pt-BR"},{"@type":"ImageObject","@id":"https:\/\/blog.panrotas.com.br\/check-in-afro\/check-in-afro-novo-blog\/#primaryimage","inLanguage":"pt-BR","url":"https:\/\/blog.panrotas.com.br\/check-in-afro\/wp-content\/uploads\/sites\/44\/2022\/07\/check-in-afro-scaled.jpg","contentUrl":"https:\/\/blog.panrotas.com.br\/check-in-afro\/wp-content\/uploads\/sites\/44\/2022\/07\/check-in-afro-scaled.jpg","width":2560,"height":394,"caption":"Duas Mulheres pretas inovando e diversificando o Turismo com pr\u00e1ticas antirracistas ."},{"@type":"WebPage","@id":"https:\/\/blog.panrotas.com.br\/check-in-afro\/check-in-afro-novo-blog\/#webpage","url":"https:\/\/blog.panrotas.com.br\/check-in-afro\/check-in-afro-novo-blog\/","name":"Check-in Afro - Check-in Afro","isPartOf":{"@id":"https:\/\/blog.panrotas.com.br\/check-in-afro\/#website"},"primaryImageOfPage":{"@id":"https:\/\/blog.panrotas.com.br\/check-in-afro\/check-in-afro-novo-blog\/#primaryimage"},"datePublished":"2022-07-13T11:14:00+00:00","dateModified":"2022-07-13T15:50:17+00:00","breadcrumb":{"@id":"https:\/\/blog.panrotas.com.br\/check-in-afro\/check-in-afro-novo-blog\/#breadcrumb"},"inLanguage":"pt-BR","potentialAction":[{"@type":"ReadAction","target":["https:\/\/blog.panrotas.com.br\/check-in-afro\/check-in-afro-novo-blog\/"]}]},{"@type":"BreadcrumbList","@id":"https:\/\/blog.panrotas.com.br\/check-in-afro\/check-in-afro-novo-blog\/#breadcrumb","itemListElement":[{"@type":"ListItem","position":1,"name":"In\u00edcio","item":"https:\/\/blog.panrotas.com.br\/check-in-afro\/"},{"@type":"ListItem","position":2,"name":"CHECK-IN AFRO NOVO BLOG"}]}]}},"_links":{"self":[{"href":"https:\/\/blog.panrotas.com.br\/check-in-afro\/wp-json\/wp\/v2\/pages\/28"}],"collection":[{"href":"https:\/\/blog.panrotas.com.br\/check-in-afro\/wp-json\/wp\/v2\/pages"}],"about":[{"href":"https:\/\/blog.panrotas.com.br\/check-in-afro\/wp-json\/wp\/v2\/types\/page"}],"author":[{"embeddable":true,"href":"https:\/\/blog.panrotas.com.br\/check-in-afro\/wp-json\/wp\/v2\/users\/51"}],"replies":[{"embeddable":true,"href":"https:\/\/blog.panrotas.com.br\/check-in-afro\/wp-json\/wp\/v2\/comments?post=28"}],"version-history":[{"count":7,"href":"https:\/\/blog.panrotas.com.br\/check-in-afro\/wp-json\/wp\/v2\/pages\/28\/revisions"}],"predecessor-version":[{"id":37,"href":"https:\/\/blog.panrotas.com.br\/check-in-afro\/wp-json\/wp\/v2\/pages\/28\/revisions\/37"}],"wp:featuredmedia":[{"embeddable":true,"href":"https:\/\/blog.panrotas.com.br\/check-in-afro\/wp-json\/wp\/v2\/media\/5"}],"wp:attachment":[{"href":"https:\/\/blog.panrotas.com.br\/check-in-afro\/wp-json\/wp\/v2\/media?parent=28"}],"curies":[{"name":"wp","href":"https:\/\/api.w.org\/{rel}","templated":true}]}}

<p>Chegamos!!<br>Olá, aqui é Tânia Neres, escolhi o Turismo como profissão e nunca me arrependi, abandonei um emprego aos 19 anos para ser estagiária numa agência de viagem , já perdi muitas noites de sono neste mercado, passei por tudo, do Telex ao Omnibees, do<br>Bilhete Físico ao QRcode, e tantas coisas deliciosas que eu vi melhorar com a tecnologia e pude experimentar muitas áreas, na verdade nunca soube escolher minha área, sempre quis tudo, passei pela aviação, consolidação, agência de viagens, operadoras de turismo,<br>acompanhei crianças no Hopi Hari, viajei com grupos de Formatura, me tornei Professora Acadêmica na área de Turismo, quanta coisa eu já fiz nestes 32 anos, e quanta coisa ainda tenho por  fazer . Hoje além de pertencer ao Coletivo ao Afroturismo com muitas feras , sou Gerente Comercial da Bahiatravel Operadora e Consolidação do Grupo Salvatur em Salvador . Como não me canso de novidades , agora sou blogueira do Panrotas e sobre o que vamos falar aqui? Sobre tudo, porque eu não tenho limitações, e muita coisa mudou pra melhor, aliado a todos estes avanços avançamos também intelectualmente e precisamos falar de assuntos que afetam o mercado negativamente, assuntos que muita gente prefere não falar mas que vê e ouve o que está acontecendo, vou tentar ser algumas vezes leve e outras vezes vou ter que pegar pesado, mas confiem em mim, faremos viagens maravilhosas pelo mundo da Diversidade e o Turismo Antirracista . E não estarei sozinha , seremos duas, uma dupla, duas gerações sobre o Prisma de um mercado em desconstrução de preconceitos e quebra de paradigmas . Apresento a vocês a Bia Moremi .</p>



<p>Olá leitores, eu sou a Bia Moremi, CEO e Diretora Criativa da Brafrika Viagens e fã da Tânia Neres! O tempo que ela tem de experiência no Turismo é praticamente o tempo que eu tenho de vida e como ela muito bem disse, somos duas gerações unidas pelo mesmo propósito, ter um turismo mais diverso, inclusivo e antirracista! Para mim é uma honra dividir essa plataforma com alguém tão acolhedora e experiente, de uma generosidade imensa e que não mede esforços para compartilhar o seu saber.<br>O que esperar de mim neste blog? Vamos conversar sobre tendências de mercado, abordagens inovadoras, empreendedorismo na vida real e diversão! Sim, você não leu errado, eu adoro me divertir enquanto viajo e vou compartilhar com vocês o que tem de<br>mais novo no turismo de lazer para pessoas que querem realmente sair fora do óbvio. Como em todo cenário que dá luz a questões raciais, sociais e ambientais, nem tudo são flores, então também me acompanhe quando subirmos um texto mais crítico ao ambiente<br>em que nos desenvolvemos, faz parte da evolução olhar para as nossas fraquezas enquanto sociedade e entender como podemos melhorar a partir daí. </p>



<p>Ahhhh ! Fazemos parte do 100+ Poderosos do Turismo 2021 .</p>



<p>Estamos ansiosas para dividir isso tudo com vocês e esperamos que vocês também estejam.<br><br>Até breve,<br>Tânia Neres e Bia Moremi.</p>

<p>Chegamos!!Olá, aqui é Tânia Neres, escolhi o Turismo como profissão e nunca me arrependi, abandonei um emprego aos 19 anos para ser estagiária numa agência de viagem , já perdi muitas noites de sono neste mercado, passei por tudo, do Telex ao Omnibees, doBilhete Físico ao QRcode, e tantas coisas deliciosas que eu vi melhorar&hellip; <a class="more-link" href="https://blog.panrotas.com.br/check-in-afro/check-in-afro-novo-blog/">Continue reading &rarr;</a></p>

<!-- This site is optimized with the Yoast SEO plugin v17.3 - https://yoast.com/wordpress/plugins/seo/ -->
<title>Check-in Afro - Check-in Afro</title>
<meta name="robots" content="index, follow, max-snippet:-1, max-image-preview:large, max-video-preview:-1" />
<link rel="canonical" href="https://blog.panrotas.com.br/check-in-afro/check-in-afro-novo-blog/" />
<meta property="og:locale" content="pt_BR" />
<meta property="og:type" content="article" />
<meta property="og:title" content="Check-in Afro - Check-in Afro" />
<meta property="og:description" content="Chegamos!!Olá, aqui é Tânia Neres, escolhi o Turismo como profissão e nunca me arrependi, abandonei um emprego aos 19 anos para ser estagiária numa agência de viagem , já perdi muitas noites de sono neste mercado, passei por tudo, do Telex ao Omnibees, doBilhete Físico ao QRcode, e tantas coisas deliciosas que eu vi melhorar&hellip; Continue reading &rarr;" />
<meta property="og:url" content="https://blog.panrotas.com.br/check-in-afro/check-in-afro-novo-blog/" />
<meta property="og:site_name" content="Check-in Afro" />
<meta property="article:modified_time" content="2022-07-13T15:50:17+00:00" />
<meta property="og:image" content="http://blog.panrotas.com.br/check-in-afro/wp-content/uploads/sites/44/2022/07/check-in-afro-scaled.jpg" />
	<meta property="og:image:width" content="2560" />
	<meta property="og:image:height" content="394" />
<meta name="twitter:card" content="summary_large_image" />
<meta name="twitter:label1" content="Est. tempo de leitura" />
	<meta name="twitter:data1" content="3 minutos" />
<script type="application/ld+json" class="yoast-schema-graph">{"@context":"https://schema.org","@graph":[{"@type":"WebSite","@id":"https://blog.panrotas.com.br/check-in-afro/#website","url":"https://blog.panrotas.com.br/check-in-afro/","name":"Check-in Afro","description":"","potentialAction":[{"@type":"SearchAction","target":{"@type":"EntryPoint","urlTemplate":"https://blog.panrotas.com.br/check-in-afro/?s={search_term_string}"},"query-input":"required name=search_term_string"}],"inLanguage":"pt-BR"},{"@type":"ImageObject","@id":"https://blog.panrotas.com.br/check-in-afro/check-in-afro-novo-blog/#primaryimage","inLanguage":"pt-BR","url":"https://blog.panrotas.com.br/check-in-afro/wp-content/uploads/sites/44/2022/07/check-in-afro-scaled.jpg","contentUrl":"https://blog.panrotas.com.br/check-in-afro/wp-content/uploads/sites/44/2022/07/check-in-afro-scaled.jpg","width":2560,"height":394,"caption":"Duas Mulheres pretas inovando e diversificando o Turismo com pr\u00e1ticas antirracistas ."},{"@type":"WebPage","@id":"https://blog.panrotas.com.br/check-in-afro/check-in-afro-novo-blog/#webpage","url":"https://blog.panrotas.com.br/check-in-afro/check-in-afro-novo-blog/","name":"Check-in Afro - Check-in Afro","isPartOf":{"@id":"https://blog.panrotas.com.br/check-in-afro/#website"},"primaryImageOfPage":{"@id":"https://blog.panrotas.com.br/check-in-afro/check-in-afro-novo-blog/#primaryimage"},"datePublished":"2022-07-13T11:14:00+00:00","dateModified":"2022-07-13T15:50:17+00:00","breadcrumb":{"@id":"https://blog.panrotas.com.br/check-in-afro/check-in-afro-novo-blog/#breadcrumb"},"inLanguage":"pt-BR","potentialAction":[{"@type":"ReadAction","target":["https://blog.panrotas.com.br/check-in-afro/check-in-afro-novo-blog/"]}]},{"@type":"BreadcrumbList","@id":"https://blog.panrotas.com.br/check-in-afro/check-in-afro-novo-blog/#breadcrumb","itemListElement":[{"@type":"ListItem","position":1,"name":"In\u00edcio","item":"https://blog.panrotas.com.br/check-in-afro/"},{"@type":"ListItem","position":2,"name":"CHECK-IN AFRO NOVO BLOG"}]}]}</script>
<!-- / Yoast SEO plugin. -->

Chegamos!!Olá, aqui é Tânia Neres, escolhi o Turismo como profissão e nunca me arrependi, abandonei um emprego aos 19 anos para ser estagiária numa agência de viagem , já perdi muitas noites de sono neste mercado, passei por tudo, do Telex ao Omnibees, doBilhete Físico ao QRcode, e tantas coisas deliciosas que eu vi melhorar&hellip; Continue reading &rarr;

Duas Mulheres pretas inovando e diversificando o Turismo com práticas antirracistas .

Início
